) + 1/(-4).
16
Let l(m) = 0 + 0 + 4 - 7*m. What is the remainder when l(-3) is divided by 28*((-6)/(-4) + -1)?
11
Calculate the remainder when 1 - 381*6/(-18) is divided by 37.
17
Let i(g) = g**2 - 6*g - 28. Let a be i(-19). Let y = 308 - a. Let h = y - -232. Calculate the remainder when h is divided by 16.
13
Let o(c) = 2*c**2 + 28*c - 8. Let u be o(-15). What is the remainder when ((-106)/(-5))/(u/55) is divided by 14?
11
Suppose -3*s + 0*f + 29 = 5*f, -5*f - 19 = -3*s. Let u be 82/(-5) - 2/(-5). Calculate the remainder when 61/4 + 4/u is divided by s.
7
Let w(c) = -8*c - 4. Let v be w(-2). Let x = v - -16. What is the remainder when x is divided by (9 + 1)/(-1 - -2)?
8
Suppose -5*x + 285 = -25. Let a be (-192)/(-18)*6/4. Let n = a - -5. Calculate the remainder when x is divided by n.
20
Suppose c = 10 + 25. Let k(n) = n**2 - 31*n + 19. What is the remainder when c is divided by k(31)?
16
Suppose 5*d = 5*k + 50, 2*d - 11 - 14 = -3*k. Let f = -989 + 1065. What is the remainder when f is divided by d?
10
Suppose 4*t + 73 - 509 = 0. Let c be ((-295)/10*2)/1. Let f = c + t. Calculate the remainder when f is divided by 13.
11
Suppose r = 5*r - 48. Let h be (4 - (-4)/(-1))/2. What is the remainder when (h - (-23)/(-2))*-2 is divided by r?
11
Suppose 7*q = 2*q. Suppose -3*b = -q*b - 45. Let t(m) = -m**3 + 6*m**2 + 3*m - 2. What is the remainder when t(4) is divided by b?
12
Let u be (-210)/(-18) - 8/(-6). Suppose -2*r = q + 4*q - 8, 4*q - u = 5*r. Let p = r - -12. What is the remainder when p is divided by 4?
3
Suppose -p + 2*p = 6. Suppose 0 = 2*f - p*f + 108. What is the remainder when f is divided by 10?
7
Let o(g) = g**2 - 5*g. Let n be o(4). Let m be 0 - (n/2 - -2). What is the remainder when 3 - (6 + m)*-1 is divided by 4?
1
Let t(f) be the first derivative of f**3/3 + 3*f**2/2 + 4*f + 194. Let l = 1 - 4. Calculate the remainder when 10 is divided by t(l).
2
Let f = 73 + -17. What is the remainder when f is divided by 33?
23
Suppose 0 = -r - b + 9, -10 = -2*b + 4*b. Calculate the remainder when 65 is divided by r.
9
Suppose q = g - 29, -2*g = 2*g + q - 116. Suppose 0 = 7*n - 4*n - 54. Let k = g + n. Calculate the remainder when k is divided by 24.
23
Let j = -2369 + 2421. What is the remainder when 1349 is divided by j?
49
Suppose 0 = 18*u - 169 - 65. What is the remainder when 58 is divided by u?
6
Let s(y) = -y**2 - 12*y - 17. Let z be s(-8). Suppose 16*j - z*j - 4 = 0. Suppose 0 = g + j*g - 30. What is the remainder when 23 is divided by g?
5
Let h = -21 - -104. Suppose 0 = -3*o - 10 + 16. What is the remainder when h is divided by -2 + o + 156/13?
11
Suppose -b - 164 = -y - 452, 3*b = -y - 284. What is the remainder when (-2)/(y/95 + 3) is divided by 24?
23
Let l be (2 - 16/12)*33. Suppose 7*k - 13 - l = 0. What is the remainder when 22 is divided by k?
2
Let f = 249 + -55. Calculate the remainder when f is divided by 58.
20
Let m(o) = -42*o**3 + o**2 + o - 1. Calculate the remainder when m(-1) is divided by (168/30)/(2/5).
13
What is the remainder when 5 is divided by (-15)/(-10) - (-8)/16?
1
Let m = 172 - 86. Calculate the remainder when 3/(0 - (-2)/m) is divided by 33.
30
Let r(u) = -u**3 + 3*u**2 - u + 2. Let x be r(3). Let w(d) = -17*d**3 - d**2 - d. What is the remainder when 48 is divided by w(x)?
14
What is the remainder when 73 is divided by (21 - (-4 + 5)) + -1?
16
Let c be -4 + (-2 - -8) - 0. Suppose 6 = c*y - 0, 4*q + 5*y = 23. Suppose -18 = -4*b - 6. Calculate the remainder when b is divided by q.
1
Let x be (15/10)/(6/8). Let p be (21 + 0 - -1) + x. Suppose -p = -3*l - l. What is the remainder when 11 is divided by l?
5
Let o = -13 + -4. Let j = -2 - o. Calculate the remainder when 59 is divided by j.
14
Suppose 32 = 2*b + 2*h, -b + 38*h - 42*h = -1. What is the remainder when 285 is divided by b?
12
Let p(j) = 38*j + 21. Calculate the remainder when p(9) is divided by 61.
58
Suppose -6*m + 153 = g - 8*m, -2*g - 5*m = -333. Calculate the remainder when g is divided by 27.
24
Let g = -136 - -376. Suppose -6 - 4 = 2*t, 3*t = -5*f + g. Suppose 0*a + 3*a - f = 0. Calculate the remainder when a is divided by 6.
5
Suppose -2*x + x = 4. Let r = x + 5. Suppose 0 = i + 4*i - 25. Calculate the remainder when i is divided by r.
0
Let k(r) = 10*r - 7. Suppose -2*c - 2 = -0*c. Let y(s) = -10*s - 1. What is the remainder when k(2) is divided by y(c)?
4
Suppose 0*y = -2*y + 44. Let j(c) = c**2 - 6*c + 13. What is the remainder when j(9) is divided by y?
18
Suppose -2*c - 4*g - 18 = -0*g, c + 6 = -g. Calculate the remainder when 10/(-15)*(-58 + 1) is divided by c/(2*9/(-84)).
10
Let c(m) = -m**3 - 8*m**2 + 6*m + 21. Let l be c(-9). What is the remainder when l/(-32)*(-20)/3 is divided by 2?
0
Let c(o) = o**3 - 25*o**2 - 50*o - 78. Calculate the remainder when 205 is divided by c(27).
25
Let c(u) = -6*u + 9. Let a be c(4). Suppose -z + 5 = 3. Calculate the remainder when 24/a*(-75)/z is divided by 31.
29
Let j = 754 - 684. What is the remainder when j is divided by 24?
22
Let t = -51 - -63. What is the remainder when 80 is divided by (112/t)/((-5)/(30/(-4)))?
10
Let z = -32 - -52. Suppose -2*n = 2*n - z. Suppose -n = 3*k - 4*k. What is the remainder when k is divided by 2?
1
Let j = -194 - -239. Calculate the remainder when 165 is divided by j.
30
Let m(u) = u**2 + u + 10. Let q be m(0). Let b(o) = o**2 - 8*o - 12. Suppose -4*z + 82 = 30. Calculate the remainder when z is divided by b(q).
5
Let v = -9059 + 9063. Let d = 1 + 2. What is the remainder when v is divided by d?
1
Let z = 1331 + -839. What is the remainder when z is divided by 19?
17
Let s = 92 + -27. Suppose -4*k + 2*k + 22 = -2*c, 3*c = 5*k - s. Let p = -16 - -25. What is the remainder when k is divided by p?
7
Let s(o) = o**3 + 8*o**2 - o + 12. Suppose d + 2*d - 27 = 0. Suppose -x - 5*r - d = 0, -x + r + 1 + 8 = 0. Calculate the remainder when s(-8) is divided by x.
2
Suppose -98*f + 73 = -6*f - 8391. What is the remainder when f is divided by (-1 - -2)/(2/38)?
16
Let k(w) = 6*w - 11. Let q be k(7). Let f = q + 4. What is the remainder when f is divided by 13?
9
Let q = -40 - -52. Calculate the remainder when q is divided by ((-4)/(-7))/(5/35).
0
Let c(l) = 2*l**2 + 6*l - 1. Let m(r) = -6*r + 85. What is the remainder when m(6) is divided by c(-5)?
11
Let r = 67 + -44. Suppose -r*b = -25*b + 30. What is the remainder when 58 is divided by b?
13
Let l = 325 - 13. Calculate the remainder when l is divided by 35.
32
Let z(k) = k**2 + 8*k + 4. Let i be z(-8). Suppose -w + 19 = t - 2*w, i*w + 16 = 0. What is the remainder when t is divided by 8?
7
Let z(f) = -5*f - 11. Let s = 532 - 1045. Let b be s/36 - 2/(-8). What is the remainder when z(b) is divided by 30?
29
Suppose 2*v + 5*j - 3*j = 90, -4*j = -5*v + 243. Calculate the remainder when v is divided by 12.
11
Let a(l) = l**3 + 10*l**2 - 13*l - 22. Let m be a(-11). Suppose -5*g = 2*x - 444, -260 = -m*g - 3*g + 2*x. What is the remainder when g is divided by 30?
28
Suppose -11 = -3*k + w, 4*k + 2*w + 8 = 16. Suppose -11 + 59 = 4*l. What is the remainder when (l - -3)*4/6 is divided by k?
1
What is the remainder when (0 - (-215)/7) + (-16)/(-56) is divided by 19?
12
Suppose -10*s = -5*s - 455. What is the remainder when s is divided by 4/(-6)*(-570)/20?
15
Let j = -5 + 9. Let y be 3/((0 - 3) + j). Suppose -y*v + i - 3 + 27 = 0, -v + 5*i + 22 = 0. Calculate the remainder when v is divided by 2.
1
Calculate the remainder when 36 is divided by 64/(-28)*70/(-20).
4
Suppose 3*i = -15*i + 252. Suppose -62 = -3*q + 4. Calculate the remainder when q is divided by i.
8
Let a = 3 + 7. Calculate the remainder when ((-20)/3)/(6/(-99)) is divided by ((-168)/(-30))/(2/a).
26
Suppose -2*p - 56 = -3*k - 7, -4*k + 3*p + 67 = 0. Suppose -4*i + 12 = -i. What is the remainder when k is divided by i?
1
Let p(z) = z**2 + 118*z - 726. What is the remainder when 34 is divided by p(6)?
16
What is the remainder when 138 is divided by ((-4)/3)/((-90)/945)?
12
Suppose -2*l - 3*b = 2*b - 159, -2*l - b + 155 = 0. What is the remainder when l is divided by 9?
5
Let p(s) = 6*s**2 - 97*s - 11. Calculate the remainder when p(17) is divided by 1.
0
Let b = 6 - 4. Suppose b*l + 0*l - 6 = 0. Suppose l*g + 0*g - 30 = -5*i, 25 = -5*g. Calculate the remainder when 33